(i) = 9*i - 153. Determine f(18).
9
Let w(q) = -q + 6. Calculate w(-6).
12
Let p(l) = -l**2 + 5*l - 1. What is p(4)?
3
Let g(f) = -2*f + 48. Determine g(16).
16
Let s(r) = 3*r - 10. Give s(5).
5
Let v(o) = 3*o**2 + 5*o + 8. What is v(-2)?
10
Let d(z) = z**2 - 15*z + 24. Give d(12).
-12
Let q(f) = -f**2 + 4*f + 7. Determine q(-2).
-5
Let u(n) = -21*n - 103. What is u(-5)?
2
Let i(l) = -2*l + 17. Determine i(4).
9
Let k(t) = -2*t + 70. Determine k(8).
54
Let l(o) = -o**2 - 3*o - 9. What is l(5)?
-49
Let o(a) = -a**2 - 13*a - 6. Determine o(-10).
24
Let v(q) = -2*q + 48. Give v(23).
2
Let o(h) = -2*h**3 - h**2 + 6*h + 5. Give o(-3).
32
Let k(c) = 2*c + 3. Determine k(-3).
-3
Let q(t) = -t + 4. Calculate q(-10).
14
Let o(y) = 3*y**2 - y - 5. Give o(0).
-5
Let b(x) = -x**3 - 2*x**2 + 7*x - 2. Determine b(-5).
38
Let r(v) = v**3 - v - 4. What is r(0)?
-4
Let l(d) = d**3 - d**2 - 3. Calculate l(2).
1
Let x(b) = -b - 5. Give x(-3).
-2
Let k(c) = -c + 26. Determine k(0).
26
Let w(o) = o + 11. Calculate w(0).
11
Let v(p) = -2*p**3 + 58*p**2 - 57*p - 14. Give v(28).
-42
Let q(a) = -14*a + 38. Give q(3).
-4
Let a(x) = -x**3 - 3*x**2 + 11*x - 8. Determine a(-8).
224
Let u(m) = 2*m**2 - 47*m - 69. Determine u(25).
6
Let c(r) = r**2 + 6*r + 5. Calculate c(-5).
0
Let x(v) = v**3 + 27*v**2 - v - 40. What is x(-27)?
-13
Let g(t) = -3*t. Give g(4).
-12
Let v(s) = -s**3 - 4*s**2 + 2*s - 4. Determine v(-5).
11
Let y(p) = -p**3 - 16*p**2 - 13*p + 3. Give y(-15).
-27
Let x(v) = v**3 + v**2 - 90*v + 3. Give x(9).
3
Let x(o) = -o**2 + o + 11. Determine x(-6).
-31
Let a(l) = -l**2 - 16*l - 32. What is a(-13)?
7
Let f(a) = 5*a - 29. Give f(10).
21
Let g(f) = -2*f**2 + 3. Give g(3).
-15
Let f(a) = -a**2 - 5*a - 6. What is f(-2)?
0
Let n(d) = 3*d**2 + 78*d + 19. Determine n(-26).
19
Let j(w) = w**3 - 3*w**2 - 6*w - 2. What is j(4)?
-10
Let p(w) = -w**3 + 26*w**2 - 22*w - 71. Give p(25).
4
Let q(r) = -2*r**2 + 36*r + 62. Determine q(20).
-18
Let c(z) = 12*z**2 - 4*z + 2. Determine c(2).
42
Let x(q) = 6*q**2 - 2. Calculate x(-2).
22
Let z(a) = -6*a - 86. What is z(-15)?
4
Let z(r) = 2*r**2 + 4*r. Determine z(5).
70
Let q(w) = w**3 - 2*w**2 - 8. Determine q(4).
24
Let g(u) = -3*u + 19. Determine g(8).
-5
Let m(j) = 10*j - 75. Give m(9).
15
Let k(y) = -y**2 + 10*y - 19. Calculate k(8).
-3
Let h(y) = -5*y**2 + 5*y - 1. What is h(2)?
-11
Let m(p) = -12*p - 15. Give m(-5).
45
Let o(s) = s**2 + 24*s - 79. Calculate o(-27).
2
Let w(m) = m**3 - m**2 - 23. Determine w(0).
-23
Let v(s) = -2*s**2 + 7*s + 1. What is v(4)?
-3
Let g(r) = 84*r - 10. Determine g(3).
242
Let f(r) = -r**2 - 9*r - 12. What is f(-10)?
-22
Let d(j) = j**3 + 6*j**2 + 7*j + 2. Determine d(-5).
-8
Let v(z) = 2*z**2 + 23*z + 8. What is v(-12)?
20
Let q(i) = 5*i**3 + 3*i + 3. Calculate q(-1).
-5
Let g(c) = c**3 - 3*c**2 - 4*c - 3. Determine g(4).
-3
Let f(i) = -54*i**3 - i**2. What is f(-1)?
53
Let y(n) = 3*n + 24. Calculate y(8).
48
Let f(z) = -z**2 + 6*z + 3. Give f(6).
3
Let n(r) = 3*r + 19. Determine n(-9).
-8
Let d(x) = -3*x - 29. Give d(-9).
-2
Let i(f) = f**3 + 3*f**2 - 2*f + 1. Determine i(2).
17
Let u(k) = -k**3 - 6*k**2 + 3*k + 21. What is u(-6)?
3
Let q(s) = s**2 + 3*s + 5. Calculate q(-8).
45
Let z(h) = h**3 + 6*h**2 + h - 6. What is z(-2)?
8
Let a(m) = -m + 10. Calculate a(6).
4
Let p(q) = 35*q**3 - q**2. Give p(1).
34
Let f(u) = 39*u - 174. Determine f(4).
-18
Let o(r) = 23*r + 3. Determine o(-1).
-20
Let y(b) = 5*b + 2. Calculate y(-11).
-53
Let u(z) = -z**2 + 10*z - 18. Give u(3).
3
Let w(f) = f**3 - 33*f**2 + 65*f - 77. Determine w(31).
16
Let i(c) = -c - 19. Determine i(-13).
-6
Let o(w) = -w - 10. What is o(6)?
-16
Let t(q) = 45*q**3 + 2*q**2 - 1. What is t(-1)?
-44
Let m(f) = -2*f**3 + 4*f**2 + 2*f - 6. Calculate m(4).
-62
Let r(x) = x**2 + 3*x + 1. Give r(4).
29
Let p(k) = -k**3 + 4*k**2 + 10*k - 21. What is p(5)?
4
Let n(o) = -o**2 - 5*o + 3. Calculate n(-5).
3
Let m(j) = -120*j + 30. Give m(0).
30
Let j(u) = u**3 + 31*u**2 - 20*u + 384. Calculate j(-32).
0
Let a(l) = -l + 2. Calculate a(2).
0
Let b(u) = -u**3 + 5*u**2 - 13. What is b(4)?
3
Let j(g) = 3*g**2 + 2*g - 6. Determine j(-3).
15
Let b(o) = -4*o - 8. What is b(5)?
-28
Let h(t) = 12*t + 12. Calculate h(-2).
-12
Let o(p) = 4*p + 9. Calculate o(4).
25
Let v(k) = -3*k + 10. Determine v(8).
-14
Let v(y) = 76*y + 1070. What is v(-14)?
6
Let b(d) = -d**2 + 4*d - 1. Give b(4).
-1
Let u(r) = 21*r**3 + r**2 + r - 2. Give u(1).
21
Let y(s) = -17*s**3 + 3*s**2 - 2*s. What is y(1)?
-16
Let a(o) = o**3 - 18*o**2 + 34*o - 22. Determine a(16).
10
Let b(y) = -31*y**2 - y + 4. What is b(-2)?
-118
Let x(d) = -2*d + 9. Give x(7).
-5
Let w(u) = u**3 + 5*u**2 + 5*u + 3. What is w(-2)?
5
Let z(b) = b**3 - 4*b**2 + 2*b + 4. What is z(2)?
0
Let f(y) = -y**3 + 5*y**2 + 8*y - 17. What is f(6)?
-5
Let s(o) = -62*o**2 - 309*o - 1. Determine s(-5).
-6
Let t(d) = d**3 - 15*d**2 - 35*d + 4. Give t(17).
-13
Let h(j) = -12*j**2 - 4*j + 3. Calculate h(1).
-13
Let j(z) = z**2 + 4*z - 6. What is j(-3)?
-9
Let l(i) = -8*i**3 + 4*i**2 + i - 3. Determine l(-2).
75
Let m(z) = 2*z**3 + 2*z. What is m(-1)?
-4
Let f(q) = -4*q**2 - 4*q - 2. Give f(-2).
-10
Let t(q) = -q**2 + 15*q + 52. Determine t(20).
-48
Let h(o) = -o - 17. What is h(-29)?
12
Let f(m) = -3*m - 38. What is f(-17)?
13
Let v(o) = 3*o**2 - 4*o + 3. Give v(2).
7
Let d(v) = v**2 - v + 4. Calculate d(-5).
34
Let k(u) = -u**3 - 12*u**2 + 14*u + 4. What is k(-12)?
-164
Let x(m) = m**3 + 3*m**2 - 6*m + 4. Determine x(2).
12
Let a(l) = 121*l - 9. Give a(1).
112
Let o(w) = -w**2 - 35*w + 241. Give o(-41).
-5
Let q(j) = -j**3 - 15*j**2 - 17*j - 37. Give q(-14).
5
Let n(x) = 2*x + 24. Determine n(-13).
-2
Let b(i) = i**3 + 16*i**2 - i - 12. Give b(-16).
4
Let x(a) = a**3 + 2*a**2 - 12*a - 11. What is x(-4)?
5
Let u(l) = -2*l - 38. Give u(-21).
4
Let z(o) = o**3 - 6*o**2 - 13*o - 8. What is z(7)?
-50
Let y(b) = b**2 - 4*b + 6. Determine y(4).
6
Let r(c) = 9*c + 2. Calculate r(3).
29
Let y(t) = t**3 + 15*t**2 - 18*t - 7. Calculate y(-16).
25
Let d(q) = -2*q + 32. What is d(14)?
4
Let v(z) = -z**3 + 4*z**2 + 4*z. Give v(5).
-5
Let i(w) = w**3 - w**2 - 2*w + 41. Give i(0).
41
Let z(q) = 8*q + 162. Calculate z(-19).
10
Let d(v) = 2*v**2 + 5*v - 6. What is d(5)?
69
Let m(h) = 5*h + 1. Determine m(2).
11
Let y(j) = j**2 - 7*j + 4. Calculate y(5).
-6
Let m(u) = u**3 + 3*u**2 + 5*u - 1. Calculate m(-5).
-76
Let l(r) = -4*r - 102. Give l(-25).
-2
Let z(c) = c**2 + 3*c. What is z(-4)?
4
Let q(j) = -j**2 - j + 23. Determine q(5).
-7
Let k(j) = j**2 - 3*j - 67. Calculate k(-7).
3
Let q(c) = 23*c + 4. What is q(-3)?
-65
Let o(d) = 2*d**2 - 48*d - 18. Calculate o(24).
-18
Let g(w) = -2*w + 10. Calculate g(10).
-10
Let z(q) = q**3 + 5*q**2 + 2*q - 8. Give z(0).
-8
Let x(v) = 3*v + 27. Give x(-6).
9
Let k(r) = 16*r**3 + r**2 + 2*r + 1. Calculate k(-1).
-16
Let g(u) = -7*u + 5. Calculate g(4).
-23
Let q(o) = -11*o + 92. What is q(9)?
-7
Let v(q) = q**3 + 12*q**2 - 5*q - 91. Calculate v(-12).
-31
Let n(p) = -p**2 - 12*p - 13. Give n(-11).
-2
Let l(z) = -3*z**2 + 10*z + 10. What is l(5)?
-15
Let k(o) = -3*o**3 + 4*o**2 + o - 9. Calculate k(4).
-133
Let u(g) = -36*g**3 - g**2 + 2*g + 1. Determine u(-1).
34
Let s(g) = -g**3 + 8*g**2 - g - 10. What is s(7)?
32
Let d(x) = 4*x - 24. Determine d(7).
4
Let t(x) = -x**3 - x**2 + 3*x - 2. Give t(-2).
-4
Let w(a) = -19*a**2 + 6*a - 8. What is w(2)?
-72
Let f(p) = -2*p**3 - 5*p**2 + 3*p - 4. What is f(-4)?
32
Let m(y) = y**3 - 2*y**2 - 12*y + 22. What is m(2)?
-2
Let x(t) = -t - 27. What is x(-20)?
-7
Let x(o) = -2*o + 13. Calculate x(3).
7
Let k(n) = -2*n**2 + 11*n + 11. Determine k(6).
5
Let k(m) = -m**2 + 5*m + 11. What is k(5)?
11
Let a(p) = -13*p**2 - 117*p + 5. What is a(-9)?
5
Let t(y) = y**3 - 6*y**2 - 12*y + 31. Calculate t(7).
-4
Let h(w) = w**3 - 18*w**2 + w + 4. Determine h(18).
22
Let x(b) = -13*b + 6. Determine x(1).
-7
Let v(j) = -j**3 - 8*j**2 - 4*j + 8. Give v(-7).
-13
Let u(t) = 37*t - 8. Calculate u(-4).
-156
Let c(n) = 5*n + 6. Give c(0).
6
Let y(b) = -4*b + 2. Give y(-1).
6
Let g(b) = 2*b**3 - 13*b**2 + 5*b - 3. Give g(6).
-9
Let r(p) = -18*p**3 + 7*p**2 - 7*p + 1. Determine r(1).
-17
Let x(p) = -6*p**3 + 2*p**2 - 4. Determine x(-2).
52
Let v(o) = -o**3 - 15*o**2 + 14*o - 26. Wha